units digit of 51?
1
What is the tens digit of 42524?
2
What is the units digit of 20718?
8
What is the ten thousands digit of 14818?
1
What is the hundred thousands digit of 192140?
1
What is the units digit of 13540?
0
What is the units digit of 240?
0
What is the tens digit of 62?
6
What is the units digit of 70111?
1
What is the units digit of 13944?
4
What is the tens digit of 52459?
5
What is the units digit of 10852?
2
What is the thousands digit of 7886?
7
What is the ten thousands digit of 19195?
1
What is the units digit of 658?
8
What is the thousands digit of 83590?
3
What is the units digit of 56246?
6
What is the units digit of 1849?
9
What is the hundreds digit of 2776?
7
What is the thousands digit of 2811?
2
What is the tens digit of 11177?
7
What is the tens digit of 15001?
0
What is the tens digit of 18945?
4
What is the units digit of 150421?
1
What is the units digit of 3388?
8
What is the hundreds digit of 4191?
1
What is the units digit of 489?
9
What is the units digit of 18091?
1
What is the thousands digit of 12287?
2
What is the hundreds digit of 8522?
5
What is the tens digit of 4957?
5
What is the hundreds digit of 2303?
3
What is the hundreds digit of 22055?
0
What is the tens digit of 1342?
4
What is the hundred thousands digit of 168061?
1
What is the thousands digit of 129446?
9
What is the thousands digit of 3407?
3
What is the ten thousands digit of 21558?
2
What is the units digit of 1714?
4
What is the thousands digit of 13950?
3
What is the units digit of 1011?
1
What is the hundreds digit of 5876?
8
What is the hundreds digit of 919?
9
What is the tens digit of 114?
1
What is the thousands digit of 31616?
1
What is the hundreds digit of 5172?
1
What is the tens digit of 117?
1
What is the thousands digit of 7985?
7
What is the thousands digit of 25208?
5
What is the hundreds digit of 6628?
6
What is the thousands digit of 1041?
1
What is the hundreds digit of 158323?
3
What is the hundreds digit of 19213?
2
What is the hundreds digit of 22600?
6
What is the thousands digit of 9572?
9
What is the units digit of 1057?
7
What is the tens digit of 10305?
0
What is the units digit of 2198?
8
What is the hundred thousands digit of 109305?
1
What is the thousands digit of 6697?
6
What is the thousands digit of 23321?
3
What is the units digit of 9835?
5
What is the tens digit of 49?
4
What is the hundreds digit of 984?
9
What is the tens digit of 20620?
2
What is the tens digit of 571?
7
What is the units digit of 713?
3
What is the hundreds digit of 2618?
6
What is the units digit of 2066?
6
What is the tens digit of 33?
3
What is the units digit of 41?
1
What is the units digit of 2082?
2
What is the units digit of 389?
9
What is the thousands digit of 4032?
4
What is the hundreds digit of 102782?
7
What is the tens digit of 1823?
2
What is the tens digit of 4159?
5
What is the units digit of 102413?
3
What is the thousands digit of 12220?
2
What is the units digit of 2020?
0
What is the tens digit of 15214?
1
What is the hundreds digit of 61175?
1
What is the hundreds digit of 5221?
2
What is the units digit of 92433?
3
What is the units digit of 1443?
3
What is the thousands digit of 38596?
8
What is the tens digit of 7621?
2
What is the thousands digit of 98379?
8
What is the tens digit of 426?
2
What is the hundreds digit of 2618?
6
What is the thousands digit of 42175?
2
What is the tens digit of 20798?
9
What is the hundreds digit of 595?
5
What is the tens digit of 20262?
6
What is the tens digit of 73550?
5
What is the units digit of 75430?
0
What is the units digit of 2925?
5
What is the tens digit of 7241?
4
What is the hundreds digit of 2993?
9
What is the thousands digit of 1340?
1
What is the tens digit of 34525?
2
What is the tens digit of 1776?
7
What is the tens digit of 6400?
0
What is the hundreds digit of 1149?
1
What is the hundreds digit of 40773?
7
What is the hundreds digit of 287?
2
What is the ten thousands digit of 36919?
3
What is the units digit of 137?
7
What is the tens digit of 650?
5
What is the tens digit of 2003?
0
What is the tens digit of 14975?
7
What is the tens digit of 201333?
3
What is the thousands digit of 96800?
6
What is the tens digit of 128?
2
What is the units digit of 4793?
3
What is the units digit of 935?
5
What is the ten thousands digit of 16385?
1
What is the units digit of 765?
5
What is the units digit of 4238?
8
What is the tens digit of 7492?
9
What is the hundreds digit of 4160?
1
What is the units digit of 1357?
7
What is the thousands digit of 2630?
2
What is the units digit of 28454?
4
What is the hundreds digit of 3634?
6
What is the tens digit of 3613?
1
What is the ten thousands digit of 97027?
9
What is the hundreds digit of 262?
2
What is the tens digit of 1228?
2
What is the hundreds digit of 28536?
5
What is the units digit of 4151?
1
What is the ten thousands digit of 15610?
1
What is the thousands digit of 4634?
4
What is the tens digit of 24126?
2
What is the hundreds digit of 485?
4
What is the tens digit of 27253?
5
What is the units digit of 130041?
1
What is the hundreds digit of 7573?
5
What is the thousands digit of 24859?
4
What is the hundreds digit of 124208?
2
What is the units digit of 1503?
3
What is the units digit of 9390?
0
What is the hundreds digit of 21060?
0
What is the units digit of 20873?
3
What is the thousands digit of 39447?
9
What is the hundreds digit of 469?
4
What is the units digit of 66?
6
What is the hundreds digit of 4466?
4
What is the tens digit of 18835?
3
What is the tens digit of 7011?
1
What is the thousands digit of 1835?
1
What is the thousands digit of 59242?
9
What is the units digit of 155?
5
What is the tens digit of 3715?
1
What is the units digit of 52794?
4
What is the units digit of 3697?
7
What is the hundreds digit of 29331?
3
What is the hundreds digit of 14184?
1
What is the thousands digit of 20247?
0
What is the tens digit of 840?
4
What is the thousands digit of 1624?
1
What is the units digit of 17563?
3
What is the units digit of 806?
6
What is the hundreds digit of 40668?
6
What is the ten thousands digit of 89506?
8
What is the tens digit of 6957?
5
What is the ten thousands digit of 32596?
3
What is the units digit of 18247?
7
What is the tens digit of 2567?
6
What is the units digit of 3853?
3
What is the thousands digit of 3337?
3
What is the thousands digit of 25999?
5
What is the units digit of 7680?
0
What is the tens digit of 2471?
7
What is the units digit of 282?
2
What is the hundreds digit of 7850?
8
What is the hundreds digit of 2225?
2
What is the hundreds digit of 3402?
4
What is the hundreds digit of 50499?
4
What is the thousands digit of 4492?
4
What is the tens digit of 16881?
8
What is the tens digit of 4392?
9
What is the units digit of 7463?
3
What is the hundreds digit of 16507?
5
What is the hundreds digit of 5682?
6
What is the thousands digit of 2632?
2
What is the tens digit of 152112?
1
What is the tens digit of 30610?
1
What is the units digit of 11431?
1
What is the thousands digit of 1512?
1
What is the thousands digit of 7020?
7
What is the tens digit of 125567?
6
What is the ten thousands digit of 69866?
6
What is the hundred thousands digit of 127445?
1
What is the hundred thousands digit of 159730?
1
What is the units digit of 816?
6
What is the tens digit of 3093?
9
What is the hundreds digit of 975?
9
What is the tens digit of 3137?
3
What is the thousands digit of 34178?
4
What is the thousands digit of 2287?
2
What is the units digit of 660?
0
What is the units digit of 9910?
0
What is the units digit of 8029?
9
What is the thousands digit of 64796?
4
What is the units digit of 6417?
7
What is the thousands digit of 55533?
5
What is the tens digit of 3932?
3
What is the thousands digit of 1354?
1
What is the units digit of 10365?
5
What is the hundred thousands digit of 100816?
1
What is the ten thousands digit of 64051?
6
What is the tens digit of 87?
8
What is the hundreds digit of 13394?
3
What is the hundreds digit of 22003?
0
What is the thousands digit of 24318?
4
What is the hundreds digit of 2207?
2
What is the units digit of 10935?
5
What is the units digit of 61?
1
What is the units digit of 19003?
3
What is the hundreds digit o